
-6
Let z(q) = 2*q**3 - 2*q**2 - q - 1. Let r be z(2). Let b(l) = l - 1. Let o(y) = 3*y - 2. Let d(i) = -2*b(i) + o(i). Calculate d(r).
5
Let w = 11 - 3. Let i(p) = -p**2 + 6*p + 10. Calculate i(w).
-6
Let g(b) be the second derivative of b**4/12 + 2*b**3/3 - 5*b**2/2 - 2*b. Let d = -15 - -27. Let v = -16 + d. Give g(v).
-5
Let u(c) = c**3 + 3*c**2 - 5*c - 3. Let v(p) = -p - 1. Let o(y) = -1. Let d(b) = 2*o(b) + v(b). Let w be d(3). Let h = 2 + w. Calculate u(h).
1
Let m(f) = -f**2 - 4*f. Let s(n) = -n**3 + 3*n**2 - 2*n + 2. Let j(g) = -g**2 + 10*g + 3. Let h be j(10). Let u be s(h). What is m(u)?
0
Let h(f) = f + 2. Let m(r) = 4*r + 11. Let s(a) = -10*h(a) + 2*m(a). Give s(4).
-6
Let a(x) = 5*x**2 - 5*x + 3. Let g(f) be the third derivative of -f**5/60 - f**3/6 + f**2. Let m(u) = -a(u) - 4*g(u). Let q = -6 - -11. Give m(q).
1
Let v = 8 + -8. Suppose -5*m = -v*m - 5. Let o(j) = 5*j**3 + j - 1. Give o(m).
5
Let x be 88/12 + 2/3. Suppose 0*b + 3*l + 8 = b, 4*l + x = 0. Let m(c) = 0*c - 3*c**b + 6*c**2 - c. Determine m(1).
2
Suppose -n + 40 = 3*n. Let p be ((-2)/4)/(n/20). Let r(h) = -9*h. Determine r(p).
9
Let i(n) = n + 1 - 3 + 4*n**2 + n**3 - 2*n + 2*n. Give i(-4).
-6
Let m(q) = 38*q**3 - 17*q**2 - 6*q - 20. Let w(h) = 13*h**3 - 6*h**2 - 2*h - 7. Let l(a) = 6*m(a) - 17*w(a). Calculate l(-1).
-6
Let n(u) be the second derivative of u**5/20 + u**4/2 + u**3 + u**2/2 + 10*u. Let r = -16 - -11. Give n(r).
-4
Let t(s) = -7*s. Let q(m) = -2*m + 7*m - m + 3*m. Let l(k) = -2*q(k) - 3*t(k). Calculate l(-1).
-7
Let b(z) = -z**2 - 5*z + 10*z + 2 - 10*z + 0*z**2. Determine b(-4).
6
Let j(o) = -o**3 - o**2 + 2*o + 6. Let p be j(0). Let r(q) = q**2 - 8*q + 5. Give r(p).
-7
Let w(r) = -r**2 + 7*r. Let s(u) = -2*u - 8. Suppose o - 5*p = -p + 13, 0 = 2*o + 4*p + 34. Let t be s(o). Determine w(t).
6
Let r(j) be the second derivative of -j**5/20 + j**4/12 + j**2 - j. Let w = -16 - -18. Calculate r(w).
-2
Let s = -10 + 6. Let i = s - -10. Let h(q) = i + 5*q + 2*q - q + q**2. Determine h(-4).
-2
Let g(t) = -t**2 - 12*t - 16. Let y be (-88)/16*(3 - 1). Let j be g(y). Let o(b) = -b + 5. Determine o(j).
10
Let j(y) = 0*y - 1 - y - 3*y. Suppose s + 7*s - 8 = 0. Calculate j(s).
-5
Let z(t) = t**3 + t**2 + t. Let s be 45/10*4/6. Suppose 0*h - s = -3*h. Let f(m) = 7*m**3 + 8*m**2 + 6*m - 1. Let g(y) = h*f(y) - 6*z(y). Determine g(-1).
0
Suppose -3*o = -54 + 57. Let t = 2 + -2. Let k(z) = 0 + t - 2*z. What is k(o)?
2
Let t(g) be the second derivative of g**6/360 + g**4/12 + g. Let h(c) be the third derivative of t(c). What is h(5)?
10
Let n(j) = 12*j - 15. Let x(a) = -11*a + 14. Let h(f) = -5*n(f) - 6*x(f). Let c(m) = m. Let o(t) = 4*c(t) - h(t). What is o(6)?
-3
Let n(j) = -4*j**3 - 5 - 5*j**2 + 3*j**3 - 3*j - j. Let v(i) = -i**2 + 4*i - 7. Let r be v(3). Calculate n(r).
-5
Let p = -18 + 13. Let u(n) = n**2 + 5*n + 5. What is u(p)?
5
Let i(t) be the first derivative of -t**2/2 + 2. Suppose 16 = 3*r + r. Suppose -2*b - r = -0. What is i(b)?
2
Let h(f) = f**3 - 2*f**2 - f - 2. Let n(w) = -w**3 + 6*w - 5*w**3 + 14*w**2 - 4*w**2 + 11. Let z(l) = -11*h(l) - 2*n(l). Let m = -5 - -2. Give z(m).
-6
Let t(g) = -10*g**2 + 5*g + 3. Suppose 0 = -5*y + 3*x + 3 - 32, 5*y = -2*x - 39. Let h(w) = 3*w**2 - 2*w - 1. Let d(j) = y*h(j) - 2*t(j). What is d(3)?
4
Let u(v) = 1 + 0 - 1 + 3*v - v**2. Let z be u(4). Let q(d) = -d**2 - 5*d - 2. Determine q(z).
2
Let o(z) = -z**3 + 4*z**2 - 2*z + 6. Let r be o(4). Let b be (-20)/30*9/r. Let f(g) = -g + 1. Determine f(b).
-2
Suppose -27 = -2*h + 5*x, -2*h + 0*x + 18 = -2*x. Let z(l) = 1. Let y(s) = -s + 8. Let i(g) = -y(g) + 6*z(g). Give i(h).
4
Let y be 0/(-2*3/(-3)). Let j be y*3/6*-2. Let p(z) be the third derivative of z**4/24 + z**3/3 - z**2. Calculate p(j).
2
Let k(i) = -i**2 + i - 4. Let l = -24 + 40. Let o be ((-6)/4)/((-8)/l). Give k(o).
-10
Suppose 2*b + 3 = -z, -b = 4*b - 5*z - 15. Suppose -4*u = 5*m + u, -4*m + 27 = -5*u. Let t(h) = 4*h**3 - 2*h**3 - 6 - h**2 - h**m + h. Determine t(b).
-6
Let s be (6/(-5))/(2/(-5)). Let u(h) be the second derivative of -h**3/6 + h**2 + 47*h. Calculate u(s).
-1
Let l be (6/(-4))/((-6)/64). Let m = l - 9. Suppose 0 = d - 6 + m. Let x(o) = 2*o. Determine x(d).
-2
Let t(h) = -2*h**3 + 2*h**2 + h + 2. Suppose -4*d - 4*d = -16. Calculate t(d).
-4
Let i(o) = 2*o**3 - 15*o**2 - 13*o - 15. Let a(s) = -s**3 + 7*s**2 + 6*s + 7. Let q(c) = 5*a(c) + 2*i(c). Give q(5).
25
Let w(y) = 3*y**2 - 6*y - 8. Let t(z) = 5*z**2 - 12*z - 15. Let l(v) = 4*t(v) - 7*w(v). Calculate l(-7).
-11
Let w(t) = -t - 3. Let r be 14*(0 - (-3)/(-6)). Give w(r).
4
Let q = -16 + 11. Let v = 0 - -3. Let c(g) = -g**2 - g + 2 + v*g - 5*g. What is c(q)?
-8
Let i(o) = 8*o - 1 - 2*o + o - o. What is i(-1)?
-7
Let x(l) = 2*l + 17. Let q(b) = b + 9. Let o(v) = 5*q(v) - 3*x(v). Let n be (3/6)/(2/(-20)). Let h be n - (2 - (-2 - -4)). Determine o(h).
-1
Let i(c) = 7*c + 11. Let m(v) = 3*v + 5. Let j(k) = -4*i(k) + 9*m(k). Give j(0).
1
Let p(z) = z**2 - 4*z + 1. Let g be (-21)/6*(0 - 2). Let l = 12 - g. Give p(l).
6
Let u be (-2)/((-1)/(-3)*-2). Suppose -8*g - 15 = -u*g. Let k be 3 + g + 2 + -3. Let m(z) = z**2. Calculate m(k).
1
Suppose -11*r + 15*r = 8. Let w(z) = -3 - r*z + 15 - 12. What is w(4)?
-8
Let d(i) = -9*i + 3. Let u(a) = 2*a. Let c(l) = -d(l) - 6*u(l). Determine c(-6).
15
Let s be 36/(-5) - (-15)/75. Let x(t) = 2*t - 1. Determine x(s).
-15
Suppose -3*r + t - 3 = 2, -2*r = -5*t - 14. Let c(y) = -2*y - 1. Calculate c(r).
5
Let b(h) be the third derivative of -h**4/24 - h**3/6 - 6*h**2. What is b(-5)?
4
Let h = -19 - -21. Let y(j) = -j**3 + 4*j**2 - 2*j. Give y(h).
4
Let x(u) = -u + 5. Let l(a) = -3*a + 10. Let q(o) = -2*l(o) + 5*x(o). Determine q(0).
5
Let w(i) = i + 6. Suppose 17 = -2*k + f, -42 = 4*k - 4*f - 14. Let p be w(k). Let u(r) = r + 1. Determine u(p).
-3
Let a(q) be the second derivative of -q**5/20 + q**4/4 + q**3/2 + q**2/2 + 12*q. Give a(-2).
15
Let b(y) = -y**3 + 2*y**2 + 3*y - 4. Suppose -4*n + a + 13 = 0, -n + 3*a - 6 = -4*n. Give b(n).
-4
Let w(s) = s**2 - 4 - 2*s**2 + 6 - 3. Let z be 0/((1*6)/(-3)). Calculate w(z).
-1
Let g(y) = 2. Let s(x) = -x + 2. Let t(a) = -g(a) + 2*s(a). Let u(m) = -m**3 - 6*m**2 - m + 7. Let r be u(-6). Let k = 11 - r. Determine t(k).
6
Let h be 12/(-30) - 4/(-10). Let r(y) = y - 1. Calculate r(h).
-1
Let g(m) be the second derivative of m**4/24 - 2*m**3/3 + 3*m**2/2 + m. Let k(b) be the first derivative of g(b). What is k(5)?
1
Let o be ((-1)/3)/((-3)/18). Let u(h) = -37*h**2 - h - 3*h + 36*h**o + 7. Give u(-6).
-5
Let s(a) be the third derivative of 11*a**5/60 + 5*a**2 + 5*a. Determine s(1).
11
Let b(c) = c**2 + c + 3. Let a be b(0). Suppose 5*z = x - 12, -4*z + x = -a*x. Let h(k) = -1 - 2*k - k - 2*k**2 + k - k. Calculate h(z).
-10
Let r(n) = -n**3 + 8*n**2 - 7*n - 1. Let f be r(7). Let a(q) = -q**2 - 2*q - 1. Calculate a(f).
0
Let s be -5*((-32)/10 + 2). Let j(q) be the third derivative of q**6/120 - 7*q**5/60 + q**4/6 + 7*q**3/6 - q**2. Give j(s).
-5
Let y(q) = q**3 + 7*q**2 + 6*q + 2. Let c be y(-6). Suppose -3*g = c*g. Let b(m) = -m**2 - m - 8. What is b(g)?
-8
Let k(u) = 4*u + 10. Let i be k(-2). Let q(x) be the third derivative of -x**5/60 - x**4/24 - x**3/6 + x**2. Determine q(i).
-7
Let s = 135 + -133. Let o(k) be the third derivative of 0 + s*k**2 - 1/6*k**3 + 1/5*k**5 + 0*k + 0*k**4. Calculate o(-1).
11
Let u(a) = 4 - a - 4 - 4. Let y be 3*(1*-4 - 1). Let k be -4 - 6/y*-5. Give u(k).
2
Let g(b) = b**3 + b + 12. Suppose 0*a = a. Give g(a).
12
Suppose 0 = -2*y - 3*y. Let t(a) = -3*a**2 + 3*a - 2. Let m(c) = c**2 - c + 1. Let q(h) = -7*m(h) - 2*t(h). Determine q(y).
-3
Let v(c) = 17*c**2 + 9*c + 8. Let r(m) = 11*m**2 + 6*m + 5. Let t(w) = 8*r(w) - 5*v(w). Determine t(-2).
6
Let x(q) be the third derivative of -q**6/360 - 7*q**5/120 - q**4/24 + 5*q**3/6 + 3*q**2. Let r(c) be the first derivative of x(c). Calculate r(-5).
9
Let k be (2 - (-2 + 3)) + -16. Let z be 4/(-10) - 141/k. Let m = z - 5. Let g(h) = h - 1. Calculate g(m).
3
Let s(u) be the third derivative of u**4/6 - u**3 + 17*u**2. Give s(4).
10
Let b(d) = -d**3 + 3*d**2 + 5. Suppose -p - 4*u - 1 = 11, 5*p - 4*u = 36. Calculate b(p).
-11
Let b(r) be the second derivative of r**3/6 + 4*r**2 - 3*r. What is b(7)?
15
Let b(i) be the thi